ppose 5*j - 30 = -5*l, 5*j - 2*l + 5 = -0. Calculate v(j).
8
Let m(i) be the third derivative of 3*i**8/2240 - i**7/2520 + i**6/720 - i**4/8 + 4*i**2. Let q(o) be the second derivative of m(o). Give q(1).
9
Let j(x) = 81*x + 15. Let z(q) = -5*q - 1. Let n(f) = 2*j(f) + 33*z(f). Determine n(-3).
6
Let l(z) = -z + 1. Let v be l(0). Let d(w) = 10*w - 3. Let q(b) = 3*b - 1. Let h(u) = 6*d(u) - 17*q(u). What is h(v)?
8
Suppose -5 - 22 = 9*b. Let v(n) = n**3 + 5*n**2 + n - 1. Determine v(b).
14
Suppose -5*m - 2*w = -0*w + 25, 25 = -5*m + 5*w. Let s(u) = -u**2 - 5*u + 5. Calculate s(m).
5
Let p = 91 - 89. Let u(x) = -3*x. What is u(p)?
-6
Let h(c) = 8*c**2 + c. Suppose -5*s + 4 = -1. Give h(s).
9
Let g be (2 + 5)*(-6)/(-7). Let l(z) be the third derivative of z**6/120 - z**5/12 - z**4/4 + 5*z**3/6 + 2*z**2. Give l(g).
5
Let j(p) be the second derivative of p**7/2520 - p**6/720 + p**5/30 + p**4/4 + 3*p. Let a(b) be the third derivative of j(b). Give a(0).
4
Let v(g) = -4*g - 9. Suppose 76 = -9*c + 13. Determine v(c).
19
Let a(r) = 0 - 89*r + 4 + 90*r - 1. Give a(-6).
-3
Suppose 2*r - 5*r + 3 = 0. Let z(w) = r + 1 + 10*w**2 + 3*w + w**3 - 5*w**2. Calculate z(-4).
6
Let q(h) = -7*h. Let j(t) = 10*t. Let o(i) = 5*j(i) + 7*q(i). Let z(y) = y - 7. Let f = -3 + 8. Let g be z(f). Give o(g).
-2
Let h(n) = -n**3 - 5*n**2 - 3. Let x = 10 + -7. Suppose x = l, 5*l = -2*a + 2 + 3. Give h(a).
-3
Let s be (0 - -1) + (-4)/(-4). Suppose 0*g = s*g. Let k(i) = i**3 + i**2 - i - 1. What is k(g)?
-1
Let a(s) = -s + 6. Suppose -26 = -3*o - 2. Give a(o).
-2
Let m(x) be the third derivative of 2/3*x**3 + 1/120*x**6 + 0*x + 6*x**2 + 0 - 1/4*x**4 - 1/20*x**5. Suppose 3*h - 6*h = -12. Determine m(h).
-4
Let m(b) = 4*b**3 - 2*b**2 + 3*b - 6. Suppose -4*x + 3*x - 1 = 0. Let w(v) = v**3 - 1. Let l be 3/(-1*(-2 - -1)). Let s(j) = l*w(j) + x*m(j). Calculate s(2).
-3
Let f(g) = 13 - 29 - 2*g + g. Let u be f(-13). Let l(v) = -v**3 - 4*v**2 - 3. Determine l(u).
-12
Let l(c) = -11*c**3 + 12*c**2 + 20*c + 6. Let r(w) = -7*w**3 + 8*w**2 + 13*w + 4. Let k(q) = -5*l(q) + 8*r(q). What is k(5)?
-3
Suppose 0 = z + u + 2, -2*u = -u - 1. Let i(d) be the second derivative of d**4/6 + 2*d**3/3 - d**2/2 + 3*d. Determine i(z).
5
Suppose -2 + 0 = -2*u. Let h(o) be the first derivative of 21*o**2/2 - 6*o - 1. Let r(s) = -s. Let a(n) = u*h(n) + 18*r(n). Give a(4).
6
Let f(c) = c - 2. Suppose 0 - 12 = -x. Let n be -2*(-3)/x*-12. Let m be 22/(-4) - n/4. Give f(m).
-6
Let y(b) = -3*b**2 + 1. Suppose -2*p + 3 = -1. Suppose -p*t - t = 3. Give y(t).
-2
Let y(q) = -q**2 - 9*q + 8. Let j be y(-9). Suppose 4*p - j = -0*p. Let s(a) = -3*a + 3. Determine s(p).
-3
Let l(o) be the first derivative of -o + 1 + o**3 + 1/2*o**2. Calculate l(-2).
9
Let w(l) = -l**2 + l. Let m = 5 - 0. Suppose 0 = -3*i - 1 - m. What is w(i)?
-6
Let a be (-5)/(-3) + 2/6. Let g(w) = 1. Let d(p) = -p**2 + 4*p + 1. Let t be d(4). Let q(c) = 2*c - 6. Let k(i) = t*q(i) + 5*g(i). Calculate k(a).
3
Let u = -4 + 7. Suppose 0 = 5*s + 5*v + 40, 2*v + 6 = u*s - v. Let l(j) = j. What is l(s)?
-3
Let m(n) be the third derivative of -n**6/240 - n**4/8 + n**2. Let d(u) be the second derivative of m(u). What is d(-2)?
6
Suppose -3*v = o - 13, -5*v + 0*v + o + 35 = 0. Let c(x) = -x**3 - x**2 + 1. Let k(z) = -7*z**3 + z - 2. Let p(g) = -6*c(g) + k(g). Determine p(v).
-2
Let w(f) = -f**3 - 3*f**2 - 3. Let n(o) = -2 - 3*o + 1 + 1. Let s be n(1). Determine w(s).
-3
Let z(k) = 2 - k - k**2 - 5*k**3 - 6 + 3. Let t be (-2)/(-2)*(-5 - -4). Calculate z(t).
4
Let x(n) be the second derivative of -n**3/6 - 3*n**2 + 9*n. What is x(-7)?
1
Let j(v) be the first derivative of -v**2 - 10*v + 21. Determine j(-9).
8
Let l(p) = -3*p + 6. Let w(g) = g. Let b(v) = l(v) + 4*w(v). What is b(8)?
14
Let x(k) = -1774 + 3*k + 1767 - 2*k. Determine x(4).
-3
Let d(u) = -u**2 - 7 + 4 - 7*u - 5. What is d(-6)?
-2
Let c(d) be the second derivative of 0 - d + 1/6*d**3 + 3*d**2. What is c(-3)?
3
Let s(c) = 3*c - 3. Let w = 0 - -2. Let k be s(w). Let a(m) = m + k - 12 + 6. What is a(-4)?
-7
Suppose 0 = y - 4 - 0. Suppose 16 = -y*f - 0*f. Let z(m) = m**2 + 3*m - 3. Let b be z(f). Let n(r) = -5*r**2 + 2*r - 1. Calculate n(b).
-4
Let y(j) = -j + 3. Suppose 4*a = 3*g - 2, -3*a + g + 2 = a. Suppose -5*i = a + 19. Calculate y(i).
7
Let q(j) = j**2 + 4*j + 2. Let t(r) = -3*r**2 + 9*r - 12. Let k be t(2). Give q(k).
14
Suppose -4*q + 10 - 1 = -5*a, -4*a + 42 = 5*q. Let r(h) = 5*h**3 + h - 12. Let v(g) = -9*g**3 - g**2 - 2*g + 23. Let b(d) = -11*r(d) - 6*v(d). Give b(q).
0
Suppose -4*z + 4 = -2*z. Suppose z*d + 2*y + 2 = -3*d, 0 = 2*d - 4*y - 4. Let k(c) = -3 + c**3 + 0 + d*c**3. Give k(0).
-3
Let f(u) be the second derivative of -u**3/6 - 3*u**2 + 15*u. Suppose -l = l + 10. Give f(l).
-1
Let h(x) = -x**3 - 7*x**2 - 6*x + 1. Let d be h(-6). Let a(v) = -1. Let r(c) = -c. Let n(m) = -2*a(m) + r(m). What is n(d)?
1
Suppose 4*j + 4*a = 20, 4*a = -2*j - 0*a + 8. Suppose z - j = 2. Suppose z*s - 3*s = 10. Let y(r) = r**2 - 2*r + 1. What is y(s)?
1
Let c be 4/3 + 1/(-3). Let b = -6 - -6. Suppose -2*u + 1 + c = b. Let j(l) = 7*l. What is j(u)?
7
Let r(f) = 20*f**3 - 12*f**2 + 12*f - 9. Let p(v) = -7*v**3 + 4*v**2 - 4*v + 3. Let z(b) = -17*p(b) - 6*r(b). Determine z(3).
0
Let v(k) be the second derivative of -k**4/12 - 2*k**3 - 7*k**2 + 23*k. Calculate v(-11).
-3
Suppose 0 = f + 3*d + 18, -4*d - d = 4*f + 37. Let c(z) be the second derivative of z**3/2 - z**2/2 - 3*z. Calculate c(f).
-10
Let w(k) be the first derivative of k**4/4 + 2*k**3 - 5*k**2 - 5*k + 3. Give w(-7).
16
Let d(q) be the second derivative of q**4/12 + q**3 + q**2 - 11*q. Give d(-5).
-3
Suppose -20 + 14 = -3*u. Let q(m) = -2*m + 8. Let z(i) = -1. Let l(a) = a**3 + a**2 - 2*a + 1. Let x be l(-2). Let r(y) = x*q(y) + 10*z(y). Calculate r(u).
-6
Let i(t) = -t**2 - 6*t + 2. Suppose 2*q = -4, o + 3 + 1 = -5*q. Let j = -11 + o. Give i(j).
7
Let c(i) be the second derivative of i**3/2 + i**2 + 16*i. Let z be 2 + 2/1 - 2. Determine c(z).
8
Suppose 4*w + 20 = 4*y, -2*y - 3*w - 1 = 4. Let b(r) = -9*r + 8*r + 1 + 0 - 2 - 3*r**2 + r**3. What is b(y)?
-7
Let y be 423/39 + (-10)/(-65). Suppose -3*z - 28 = -5*p, 2*z - 3*p + 7 + y = 0. Let t(v) = v**2 + 5*v - 1. What is t(z)?
5
Let r(g) = 2*g**3 - g - 1 - g + 2 - g**3. Let f be r(2). Let d(n) = n. Determine d(f).
5
Let r(p) = 3*p**2 + 2*p - 1. Let f(u) = 10*u**2 + 6*u - 2. Let b(z) = -2*f(z) + 7*r(z). Determine b(-3).
0
Let d(q) = -q - 1. Let s be d(-3). Let b(c) = 2 + 0*c + s*c + c. Determine b(-3).
-7
Suppose 0 = 4*c + 1 + 7. Let t(a) be the second derivative of -2*a**3/3 + a**2/2 - 16*a. Give t(c).
9
Let a = 19 - 15. Let y(s) = -3*s + 6. Give y(a).
-6
Let p be (-9)/(-4) - 1 - 3/(-4). Let n(f) = -8*f + 3. What is n(p)?
-13
Let i = -8 + 4. Let d(f) be the second derivative of f**4/12 + f**3/3 - f**2/2 - 5*f. What is d(i)?
7
Let z(u) = 5*u + 0*u**2 - u + 3 + 3*u**2. Let t = 3 + -1. Let h be (t/(-3))/((-2)/(-6)). What is z(h)?
7
Let s(x) = 4*x - 5*x**3 - 1 - 1 + 3 - 2*x. Suppose 3*t + 4 = 2*n, n + t = -4*t - 11. Determine s(n).
4
Suppose 0 = p - 0 - 3, 12 = d + 3*p. Let h(a) = -6*a + 3. Give h(d).
-15
Let k(v) be the second derivative of -v**5/20 + 3*v**4/4 - v**3 - 3*v**2 + 6*v. Calculate k(8).
10
Let x(v) = 2*v - 2. Let l = 13 - 3. Suppose -2*r + 2 = l. Give x(r).
-10
Let c be -9*((-14)/(-63) + 10/(-18)). Let p = 6 + -4. Let f(z) = z**2 - c*z**3 + p*z + 2*z**3 - 6*z + 3*z. Calculate f(0).
0
Let y = 6 - -1. Suppose -5*g - d = -2*g - 7, -4*g + d + y = 0. Let m(s) = -6*s**2 + g*s + 5*s**2 - 4*s. Calculate m(-3).
-3
Let w(l) = 11*l**2 + 5*l - 5. Let k(c) = -c**2 - c + 1. Let p(g) = -6*k(g) - w(g). Give p(1).
-5
Let m(c) = c**3 - 3*c**2 - 3*c. Let x(s) = s**3 - 3*s**2 + s + 1. Let q be (-1)/2*-3*2. Let i be x(q). Give m(i).
4
Let w(q) = -2*q**2 - 5*q + 4. Suppose p = -4*p - 20. What is w(p)?
-8
Let n(s) = -s**2 - 6*s + 1. Let z be n(-5). Let v(t) = 4*t**2 + 3*t + 6. Let r(w) = -5*w**2 - 4*w - 7. Let l(a) = z*v(a) + 5*r(a). Determine l(1).
-2
Let s(d) = -d**3 - d - 1. Let o(p) = -p**3 - 1. Let h(j) = 9*j**3 - 2*j**2 + 10*j + 11. Let u(z) = h(z) + 6*o(z). Let y(i) = 4*s(i) + u(i). What is y(-4)?
9
Let w(d) = -d + 10*d**3 + 1 + 13*d**3 - 20*d**3 + 2*d. Suppose 3*x = -3*r + r + 1, 0 = -5*x - r - 3. Give w(x)